e 3, what is 2011 + -12?
1222
In base 15, what is 78 + -1?
77
In base 12, what is 654b + -1?
654a
In base 5, what is -44122 + 10?
-44112
In base 2, what is 10101010010110 + 10?
10101010011000
In base 2, what is -11 + 1000101101?
1000101010
In base 13, what is -3 + 4?
1
In base 7, what is 3 - -65?
101
In base 15, what is -1 + -2d?
-2e
In base 2, what is -10 + 11100?
11010
In base 8, what is 1 + -421?
-420
In base 12, what is 4 + 19?
21
In base 5, what is 10003 - -43?
10101
In base 8, what is -1606 + 5?
-1601
In base 12, what is -7 + -1a77?
-1a82
In base 9, what is -4 + -67?
-72
In base 12, what is 1 - 67?
-66
In base 16, what is -30 - -3?
-2d
In base 5, what is 2034 - -4?
2043
In base 2, what is -1 - -11001101101?
11001101100
In base 6, what is -110 + 32?
-34
In base 5, what is -13 - 2401?
-2414
In base 5, what is -1043 + -11?
-1104
In base 10, what is -19 + -345?
-364
In base 2, what is -10 - 1011001110?
-1011010000
In base 14, what is -2 + -311?
-313
In base 7, what is 1546 + 5?
1554
In base 12, what is 108 - 4?
104
In base 3, what is -221102 - 21?
-221200
In base 4, what is 3 + 32?
101
In base 7, what is 1 - 15?
-14
In base 15, what is 3 - 12?
-e
In base 14, what is 908 + -4?
904
In base 7, what is 11 + 11?
22
In base 5, what is -13201 - 4?
-13210
In base 7, what is -32000 + 3?
-31664
In base 5, what is -34 + 14402?
14313
In base 12, what is 1 + -275?
-274
In base 9, what is 2 + -408?
-406
In base 15, what is -10 + 4?
-b
In base 7, what is 1 - 100?
-66
In base 9, what is 22347 - 1?
22346
In base 10, what is 20 - 8?
12
In base 15, what is -2 + -9c?
-9e
In base 10, what is 214 - 20?
194
In base 5, what is -2040 + 0?
-2040
In base 11, what is -14 - 692?
-6a6
In base 8, what is -3 + 101?
76
In base 3, what is 1 - 11002?
-11001
In base 9, what is -8 + -6?
-15
In base 15, what is 0 + 126?
126
In base 8, what is -217 + -65?
-304
In base 13, what is 5 - 24c?
-247
In base 7, what is 10152 - 1?
10151
In base 16, what is -4f7 - 5?
-4fc
In base 14, what is -3 - -232?
22d
In base 13, what is -3 - 265?
-268
In base 6, what is -5 + -1241?
-1250
In base 13, what is -6 + 84?
7b
In base 7, what is -331 - -113?
-215
In base 10, what is -669 - 3?
-672
In base 8, what is 6334 + 1?
6335
In base 8, what is -7 + -3?
-12
In base 13, what is 135 - -2?
137
In base 5, what is 4 - -14?
23
In base 16, what is -26 + 5?
-21
In base 15, what is 1 + -348?
-347
In base 11, what is 5 - -67?
71
In base 8, what is -56 + -21?
-77
In base 7, what is 206 + -2?
204
In base 3, what is -12110212 - -10?
-12110202
In base 6, what is 5 - 100?
-51
In base 8, what is -1 + -210?
-211
In base 13, what is -2 + -41?
-43
In base 9, what is 660 - -4?
664
In base 4, what is -10303 + -10?
-10313
In base 10, what is -224 - 2?
-226
In base 3, what is -2202 + -10?
-2212
In base 14, what is 108 + -1?
107
In base 14, what is 263 - -4?
267
In base 13, what is -4c - -1?
-4b
In base 5, what is -4 + -2230?
-2234
In base 7, what is 21 + -260?
-236
In base 2, what is -1 + -1010011?
-1010100
In base 2, what is -1 - -111?
110
In base 15, what is -5 + 30?
2a
In base 11, what is 2 + 1402?
1404
In base 3, what is -111111 + 21?
-111020
In base 14, what is 3 - a28?
-a25
In base 8, what is -12550 + 3?
-12545
In base 15, what is 3 - -59?
5c
In base 15, what is a7 + -2?
a5
In base 9, what is -3 - -132?
128
In base 15, what is -7d + 2?
-7b
In base 3, what is -1220 - 11212?
-20202
In base 11, what is -822 + -1?
-823
In base 5, what is 4123 + 0?
4123
In base 3, what is 12110 + 2?
12112
In base 4, what is -303 + -2123?
-3032
In base 4, what is -33 - 1?
-100
In base 13, what is 5 + 5a?
62
In base 16, what is 8c3 - -4?
8c7
In base 3, what is -2010221 - 1?
-2010222
In base 10, what is -817 + -5?
-822
In base 7, what is 3 + 1524?
1530
In base 9, what is 43 - 173?
-130
In base 8, what is 5 - 26?
-21
In base 7, what is 142 + -22?
120
In base 3, what is -101110 + 2?
-101101
In base 2, what is -1100001 + 101?
-1011100
In base 14, what is -4dd + -14?
-513
In base 4, what is 11 + -1013?
-1002
In base 15, what is -34e + 2?
-34c
In base 12, what is 37 + 1b?
56
In base 15, what is -5 + -499?
-49e
In base 10, what is 3934 + -1?
3933
In base 16, what is 52a - -4?
52e
In base 11, what is 4 + 2a1?
2a5
In base 12, what is -10 + -47?
-57
In base 10, what is -4 + -1274?
-1278
In base 13, what is 2b - -35?
63
In base 5, what is 4 + -11120?
-11111
In base 4, what is -130 + 1?
-123
In base 16, what is 0 + -5f1?
-5f1
In base 7, what is -314 - -65?
-216
In base 7, what is 2 + 351?
353
In base 5, what is 10 + 31144?
31204
In base 12, what is -5 + -48a?
-493
In base 3, what is -11 - 2000?
-2011
In base 16, what is -1 + -44?
-45
In base 13, what is -118 + -1?
-119
In base 13, what is 7 - -1?
8
In base 10, what is 5 + -70?
-65
In base 9, what is 16 - -205?
222
In base 12, what is a5b1 + 4?
a5b5
In base 15, what is 4 - 43?
-3e
In base 16, what is 1 + 61a?
61b
In base 8, what is -1034 - 2?
-1036
In base 7, what is 243 + -5?
235
In base 3, what is 10 - 1020?
-1010
In base 16, what is -d6 - -1?
-d5
In base 9, what is -103 + 0?
-103
In base 8, what is -230 - 5?
-235
In base 6, what is 142 - 1?
141
In base 13, what is 0 + -103?
-103
In base 3, what is -100112 + -10?
-100122
In base 8, what is -3 - -10?
5
In base 5, what is -3 - 14?
-22
In base 6, what is 130 + -333?
-203
In base 7, what is -16543 - -5?
-16535
In base 4, what is 211 - -21?
232
In base 12, what is 211 - 4?
209
In base 4, what is 10 - -2120?
2130
In base 12, what is -4 - -11aa?
11a6
In base 8, what is -10 - 476?
-506
In base 8, what is 0 - -3065?
3065
In base 3, what is -100212 - 120?
-101102
In base 2, what is -1000 + 100?
-100
In base 3, what is 1102202 - -11?
1102220
In base 7, what is 204 - 146?
25
In base 3, what is -10012 + 1?
-10011
In base 10, what is -138 + -2?
-140
In base 8, what is 4 + -210?
-204
In base 11, what is 8 + -2?
6
In base 5, what is 202400 + 2?
202402
In base 11, what is 47 - -3?
4a
In base 7, what is -32 - -4?
-25
In base 12, what is 91 + 5?
96
In base 5, what is 0 + 4011?
4011
In base 7, what is 26 - -354?
413
In base 14, what is -6 + 41?
39
In base 15, what is 1 - 19a?
-199
In base 11, what is 3 - 269?
-266
In base 5, what is -123 - 113?
-241
In base 9, what is -20 - 6?
-26
In base 3, what is -111200 - -12?
-111111
In base 7, what is 10 + -361?
-351
In base 5, what is -2 + -212?
-214
In base 3, what is 11222 - 1111?
10111
In base 7, what is 6 + -25?
-16
In base 13, what is 29c - -23?
2c2
In base 15, what is 5 + -39a?
-395
In base 5, what is 1003 - 13?
440
In base 16, what is -2 + -62?
-64
In base 7, what is -3 - 5110?
-5113
In base 6, what is -111 - 4?
-115
In base 15, what is 5 + 25c?
262
In base 8, what is -753 - -3?
-750
In base 16, what is -2 - -60?
5e
In base 12, what is -895 - 3?
-898
In base 16, what is -4 + -3e?
-42
In base 8, what is -21 - 1203?
-1224
In base 6, what is 1521 + -4?
1513
In base 4, what is -11333 - 2?
-12001
In base 14, what is -89 + -5?
-90
In base 12, what is -a - -14?
6
In base 9, what is -8622 - 0?
-8622
In base 15, what is 3 - -d3?
d6
In base 2, what is 11001 - -10101110?
11000111
In base 4, what is 120 + -20?
100
In base 11, what is 2 - 271?
-26a
In base 3, what is -12 + -10112021?
-10112110
In base 2, what is 100100 - 11011011?
-10110111
In base 2, what is -101010 - 1000100?
-1101110
In base 7, what is 216401 - -4?
216405
In base 13, what is 24 - -3?
27
In base 6, what is -10252 + -3?
-10255
In base 3, what is 2 - -11000?
11002
In base 5, what is -31020 + -1?
-31021
In base 7, what is -101066 - 4?
-101103
In base 4, what is 11 - 220?
-203
In base 6, what is 14 - 5?
5
In base 12, what is 31 - -10?
41
In base 5, what is 130 - 2103?
-1423
In base 12, what is -32 - 1a2?
-214
In base 16, what is -d + -5?
-12
In base 6, what is -42 + -242?
-324
In base 15, what is -1 + -8b?
-8c
In base 10, what is 0 - 1134?
-1134
In base 4, what is 11020031 + 0?
11020031
In base 3, what is -101120 - 202?
-102022
In base 15, what is 7 - 210?
-208
In base 10, what is 9 - 95?
-86
In base 12, what is 68b9 + 3?
6900
In base 16, what is -19f + 7?
-198
In base 14, what is -dd + -9?
-108
In base 2, what is -1 - 110010?
-110011
In base 9, what is 2 + -108?
-106
In base 14, what is -1c - -ba?
9c
In base 4, what is -200320 - 2?
-200322
In base 4, what is -101222 +